 factors of 2853653?
11, 59, 4397
What are the prime factors of 2471201726?
2, 7, 7127, 24767
List the prime factors of 942376920.
2, 3, 5, 2683, 2927
List the prime factors of 96496972.
2, 11, 13, 19, 683
List the prime factors of 28521135.
3, 5, 633803
List the prime factors of 386162344.
2, 17, 2839429
What are the prime factors of 1232536392?
2, 3, 137, 41651
List the prime factors of 2437657504.
2, 76176797
What are the prime factors of 2105430787?
23, 91540469
List the prime factors of 53349606.
2, 3, 19, 47, 3319
List the prime factors of 53230715.
5, 10646143
What are the prime factors of 244074640?
2, 5, 41, 74413
List the prime factors of 1674007033.
631, 2652943
What are the prime factors of 110631470?
2, 5, 11063147
What are the prime factors of 1273970166?
2, 3, 7, 101, 300323
List the prime factors of 7092686371.
7092686371
List the prime factors of 332423887.
2083, 159589
What are the prime factors of 27958533?
3, 769, 12119
List the prime factors of 3304451252.
2, 41, 61, 330313
What are the prime factors of 523056514?
2, 47, 2039, 2729
What are the prime factors of 20475207?
3, 758341
What are the prime factors of 17866886?
2, 8933443
List the prime factors of 206217151.
7, 2897, 10169
What are the prime factors of 3280872153?
3, 13, 127, 662401
List the prime factors of 468226475.
5, 18729059
What are the prime factors of 357740823?
3, 11, 229, 47339
List the prime factors of 20355709.
11, 29, 5801
List the prime factors of 909848118.
2, 3, 151641353
What are the prime factors of 58519939?
73, 829, 967
List the prime factors of 388487725.
5, 83, 187223
List the prime factors of 623303238.
2, 3, 41, 2533753
List the prime factors of 5976193880.
2, 5, 19, 761, 10333
List the prime factors of 143869930.
2, 5, 149, 96557
What are the prime factors of 5294463069?
3, 7, 19, 13269331
What are the prime factors of 21934869?
3, 11, 664693
List the prime factors of 318292865.
5, 11, 5787143
List the prime factors of 618647496.
2, 3, 367, 70237
List the prime factors of 581602465.
5, 2309, 50377
What are the prime factors of 3201199482?
2, 3, 13, 41041019
List the prime factors of 129961276.
2, 32490319
List the prime factors of 756908.
2, 17, 11131
List the prime factors of 2747005595.
5, 549401119
List the prime factors of 703498749.
3, 234499583
What are the prime factors of 600316617?
3, 29, 1913, 3607
What are the prime factors of 2593693549?
2593693549
What are the prime factors of 9439779?
3, 31, 101503
List the prime factors of 411914587.
7, 43, 1368487
What are the prime factors of 112943021?
47, 193, 12451
List the prime factors of 663892102.
2, 23, 14432437
What are the prime factors of 3375122479?
3375122479
What are the prime factors of 1127229521?
11, 127, 806893
What are the prime factors of 179089402?
2, 19, 1447, 3257
What are the prime factors of 336965368?
2, 2663, 15817
What are the prime factors of 653512953?
3, 31, 7027021
List the prime factors of 28850158.
2, 37, 389867
What are the prime factors of 1511499908?
2, 377874977
What are the prime factors of 172624583?
172624583
What are the prime factors of 463240969?
197, 2351477
List the prime factors of 152740154.
2, 7, 1558573
What are the prime factors of 218786114?
2, 8111, 13487
What are the prime factors of 23510704?
2, 7, 209917
List the prime factors of 82991009.
82991009
What are the prime factors of 488607542?
2, 73, 109, 30703
What are the prime factors of 38013307?
38013307
List the prime factors of 83741486.
2, 41870743
What are the prime factors of 117240450?
2, 3, 5, 19, 31, 1327
What are the prime factors of 322890984?
2, 3, 13, 344969
What are the prime factors of 66326838?
2, 3, 11054473
List the prime factors of 103031659.
103031659
What are the prime factors of 23168887?
7, 59, 56099
What are the prime factors of 411707521?
23, 17900327
List the prime factors of 37624656.
2, 3, 43, 18229
What are the prime factors of 50634024?
2, 3, 7, 17, 17729
List the prime factors of 75582308.
2, 2131, 8867
List the prime factors of 101690811.
3, 1171, 9649
What are the prime factors of 795864207?
3, 47, 269, 20983
List the prime factors of 10302481.
7, 229, 6427
List the prime factors of 33758935.
5, 7, 109, 8849
What are the prime factors of 8559759?
3, 13, 139, 1579
What are the prime factors of 51601037?
557, 92641
List the prime factors of 5688051448.
2, 711006431
What are the prime factors of 457765473?
3, 11, 601, 23081
List the prime factors of 93333501.
3, 10370389
List the prime factors of 100856581.
7, 73, 197371
List the prime factors of 605560110.
2, 3, 5, 347, 58171
What are the prime factors of 1514088895?
5, 11, 53, 519413
List the prime factors of 919800565.
5, 743, 247591
What are the prime factors of 560585200?
2, 5, 7, 17, 11777
List the prime factors of 84059996.
2, 21014999
What are the prime factors of 3253194898?
2, 3041, 534889
List the prime factors of 7207861.
7207861
What are the prime factors of 742117691?
7, 83, 182473
List the prime factors of 30787829.
257, 119797
List the prime factors of 21783803.
59, 421, 877
List the prime factors of 334432735.
5, 7, 13, 149, 4933
List the prime factors of 2501383.
2501383
List the prime factors of 29795364.
2, 3, 91961
List the prime factors of 2069133796.
2, 149, 3471701
What are the prime factors of 175766090?
2, 5, 17576609
List the prime factors of 308036697.
3, 503, 204133
What are the prime factors of 164558235?
3, 5, 137, 80077
List the prime factors of 167531701.
23, 1087, 6701
List the prime factors of 1065731216.
2, 11, 599, 919
What are the prime factors of 111222948?
2, 3, 67, 138337
What are the prime factors of 236259408?
2, 3, 7, 11, 97, 659
What are the prime factors of 44611429?
443, 100703
List the prime factors of 6532181810.
2, 5, 7, 11, 1607, 5279
List the prime factors of 63047524.
2, 15761881
List the prime factors of 46517486.
2, 43, 540901
List the prime factors of 91679680.
2, 5, 286499
List the prime factors of 1985351459.
7, 13, 367, 59447
List the prime factors of 43116361.
1709, 25229
What are the prime factors of 149320429?
3541, 42169
What are the prime factors of 20447339?
11, 1858849
What are the prime factors of 289435211?
13, 3037, 7331
List the prime factors of 548644211.
2549, 215239
What are the prime factors of 18736207?
7, 101, 26501
List the prime factors of 128719036.
2, 17, 1892927
What are the prime factors of 27312661?
23, 1187507
List the prime factors of 203297132.
2, 31, 1639493
List the prime factors of 266246960.
2, 5, 7, 475441
What are the prime factors of 3481644004?
2, 47, 401, 46183
What are the prime factors of 1491464370?
2, 3, 5, 11, 4519589
List the prime factors of 28777998.
2, 3, 1123, 4271
List the prime factors of 109085418.
2, 3, 13, 269, 1733
List the prime factors of 70674133.
139, 173, 2939
List the prime factors of 456496737.
3, 593, 256603
What are the prime factors of 522633617?
11, 431, 110237
List the prime factors of 51819154.
2, 137, 379, 499
List the prime factors of 2867017882.
2, 19, 251, 300589
What are the prime factors of 123276620?
2, 5, 1783, 3457
What are the prime factors of 237689370?
2, 3, 5, 880331
What are the prime factors of 343452852?
2, 3, 991, 3209
What are the prime factors of 3350863821?
3, 349, 3200443
List the prime factors of 911707422.
2, 3, 151951237
List the prime factors of 2000926945.
5, 17, 181, 130057
List the prime factors of 313442966.
2, 156721483
What are the prime factors of 405196078?
2, 7, 113, 256129
List the prime factors of 518605629.
3, 9721, 17783
List the prime factors of 308779824.
2, 3, 6432913
List the prime factors of 21239865.
3, 5, 471997
What are the prime factors of 1050570?
2, 3, 5, 1297
List the prime factors of 77351816.
2, 29, 11497
List the prime factors of 280433028.
2, 3, 877, 26647
What are the prime factors of 99212735?
5, 1831, 10837
List the prime factors of 634349305.
5, 17, 1559, 4787
What are the prime factors of 328946285?
5, 773, 85109
What are the prime factors of 558974902?
2, 279487451
List the prime factors of 8350922.
2, 107, 39023
List the prime factors of 250639424.
2, 7, 113, 4951
What are the prime factors of 59440354?
2, 29720177
What are the prime factors of 45937976?
2, 7, 820321
What are the prime factors of 6229212?
2, 3, 11, 41,